r) = 35 - 66 + 2*r + 109 + 108. Calculate the remainder when n(3) is divided by 44.
16
Suppose 29*u + 18 = 35*u. Suppose 122 = 3*d + 5*i, -d - u*i = -27 - 19. Calculate the remainder when 336 is divided by d.
30
Suppose -26*a = -10*a - 64. Suppose -g - 3 - a = -i, -4*g - 1 = 5*i. What is the remainder when 27 is divided by i?
0
Suppose 5*t + 3*s = -2*s + 30, 18 = 3*t - s. Suppose t = 3*x - 21. What is the remainder when 78 is divided by x?
6
Suppose -4*m - 4*q = 52, -5*m - 65 = -0*m - 2*q. Let x = 76 - m. Let j = x - 54. Calculate the remainder when j is divided by 18.
17
Let i(o) = -16*o. Let s = -36 - -6. What is the remainder when i(-4) is divided by 35 - ((-4)/30 + (-64)/s)?
31
Suppose 3*u + 5*z - 409 = 0, z - 21 = u - 144. Let r = 13474 + -13409. What is the remainder when u is divided by r?
63
Let g = 1562 - 756. What is the remainder when g is divided by 159?
11
Let o(c) = -263*c + 803. What is the remainder when 5162 is divided by o(3)?
10
Suppose -5*d - 205 = 365. Let t = 63 + d. Let x = t - -102. What is the remainder when 150 is divided by x?
48
Let j(r) = -r**3 - 4*r**2 + 5*r + 3. Let p be j(-5). Calculate the remainder when (2/p)/(2/111) is divided by (-19)/(-9)*3*15/5.
18
Suppose -21*t + 17*t = -96. Let u(s) = 6*s - 25. Let o be u(8). Suppose -o*i + 1120 = -7*i. What is the remainder when i is divided by t?
22
Let w(t) = 193*t - 5014. Calculate the remainder when 2598 is divided by w(26).
2
Suppose 4*u = 18 + 82. Let c(q) = q**2 - 2*q - 32. Calculate the remainder when u is divided by c(-5).
1
Let v(f) = -f**2 + 6*f - 1. Let g be v(4). Let j(p) = -2*p + 64. Let w be j(19). Let s = w - g. What is the remainder when s is divided by 11?
8
What is the remainder when (-435)/40 + 11 - (-169336)/64 is divided by 4?
2
Suppose 0 = 2*x - 26*i + 24*i - 948, 0 = 4*x - i - 1905. Calculate the remainder when x is divided by 21.
15
Let t(u) = 4*u**2 + 2*u - 2. Suppose 4*c - 50 = -k, -3*k + c = -100 - 37. Let v = 170 - k. What is the remainder when v is divided by t(2)?
16
What is the remainder when 578 is divided by -4 - (-159 - 24/(2 + -8))?
125
Let i(d) = 55 - 11*d**3 + 0*d**2 - 2*d**2 - 54. Let p be i(1). Let g = 16 - p. Calculate the remainder when 80 is divided by g.
24
Let u be (-10)/(-4)*-5*12/30. Calculate the remainder when 36/45*(-32)/2*u is divided by 13.
12
Let h = 44 - 41. Let x be (h/2*(-9 - -3))/(-1). Suppose 0 = 8*z - x*z + 42. Calculate the remainder when z is divided by 15.
12
Calculate the remainder when 3464 + 306/(-32 + 14) is divided by 23.
20
Let y = 58 + 110. Let w = y + -30. Calculate the remainder when w is divided by 35.
33
Let g(z) = 90*z - 55. Let o(u) = -u**2 - 87*u + 56. Let v(i) = 3*g(i) + 2*o(i). Calculate the remainder when 131 is divided by v(47).
8
Let j(n) = 135*n**2 + 909*n - 1823. Calculate the remainder when j(2) is divided by 252.
31
Suppose 40*t - 455 + 1495 = 0. Let k = 577 - t. What is the remainder when k is divided by 55?
53
Let j(c) = -19*c**2 - 37*c + 1316. Let u = -3 + 64. Calculate the remainder when j(-9) is divided by u.
49
Suppose -4*a = i - 9*a - 145, -3*i + 5*a + 405 = 0. Let l = 189 - 145. Calculate the remainder when i is divided by l.
42
Suppose 89*t = 101*t - 9348. Calculate the remainder when t is divided by 36.
23
Calculate the remainder when 1697 is divided by ((-72)/15)/((-11)/4 + (-6206)/(-2320)).
33
Let a = 18336 - 18184. What is the remainder when a is divided by 32?
24
Suppose -v = -4*c - 9 - 11, -2*c - 82 = -5*v. What is the remainder when 441 is divided by v?
9
Let q = -1426 + 1887. Calculate the remainder when q is divided by 31.
27
Let f = 1080 - 129. Calculate the remainder when f is divided by 4.
3
Let p be (56/(-10))/((-4)/20). Suppose 50 + 10 = 2*s - k, -k - p = -s. Let x = -809 + 816. What is the remainder when s is divided by x?
4
Suppose 3*i = 0, -18*i = -4*k - 23*i + 2616. Let z = -623 + k. Let d(h) = h**2 + h - 1. Calculate the remainder when z is divided by d(-3).
1
Let f(r) = -41*r - 381. What is the remainder when f(-18) is divided by 122?
113
Let h be 244/6 + 112/48. Suppose -h*f = -63*f + 160. Calculate the remainder when f is divided by 4.
0
Let u(z) = 3*z + 101. Suppose -4*x = 2*q - 82, -q - 13 = -2*x + x. Calculate the remainder when u(x) is divided by 12.
11
Suppose -26*g = -24*g + 1204. Let v(h) = h**2 - 3*h - 2. What is the remainder when (-145)/(-11) + (-8 - g/77) is divided by v(4)?
1
Calculate the remainder when (-1)/(2 + -1)*(-13)/(78/15732) is divided by 25.
22
Suppose -n + 81 = 2*n + p, n = -5*p + 13. Suppose 38 - 178 = 2*y. Let q = y + 264. What is the remainder when q is divided by n?
26
Suppose -315*a - 4606 = -202*a - 162*a. Calculate the remainder when 19081 is divided by a.
93
Suppose -106*j + 29546 = -89*j. What is the remainder when j is divided by 37?
36
Suppose -43573 = -178*k - 17469 + 26050. Calculate the remainder when 1122 is divided by k.
243
What is the remainder when -2*(-66 + (-20 - -10)) is divided by 40?
32
Let t = 46 - 14. Suppose 12*y + 3*p = 13*y - 292, -3*y - 3*p = -852. What is the remainder when y is divided by t?
30
Let u(a) = -99*a. Let p = -98 + 105. Suppose 90 = 2*b + p*b. Calculate the remainder when u(-1) is divided by b.
9
Let m = 15341 - 15315. What is the remainder when 1684 is divided by m?
20
Suppose o + 3 = -0. Let w be 15*1*2/o. Calculate the remainder when 50 is divided by 2/(-5) + (-134)/w.
11
Let t(u) = 4*u**2 + 17*u + 69. Calculate the remainder when t(-12) is divided by 113.
102
Let x(t) = -t**2 + 392*t - 2296. What is the remainder when (52/(-6))/(4/(-18)) is divided by x(6)?
19
Suppose v - 3*p = 268, -6*p + 1147 = 4*v - 3*p. Suppose 6*r = 119 + v. What is the remainder when r is divided by 20?
7
Let r(t) = 62*t**2 + 4*t + 5. Let w = 347 - 260. Let u = w - 25. What is the remainder when r(-2) is divided by u?
59
Suppose 2*u = 3*t + 74 - 386, -5*t - 2*u + 520 = 0. Calculate the remainder when t is divided by 62.
42
Suppose 1074 = 131*q - 128*q. Calculate the remainder when q is divided by 46.
36
Suppose 4*h + 16 = 0, 2*v - 4*h = 9 + 9. Suppose 0 = 7*n + 34 + v. Calculate the remainder when (-4 + (-76)/n)*5 is divided by 16.
8
Let d = 15317 + -15218. Calculate the remainder when d is divided by 30.
9
Let w = -1786 + 1802. Calculate the remainder when 28 is divided by w.
12
Suppose 24 - 9 = s. Let p = 539 + -362. Calculate the remainder when p is divided by s.
12
Suppose -41*j + 7*j = 10547 - 95343. What is the remainder when j is divided by 104?
102
Let f = 1617 + -1085. Calculate the remainder when f is divided by 181.
170
Suppose -3*r = -10 + 1. Suppose -r*d = p - 134, 0*d + 5*p = -d + 54. Calculate the remainder when d is divided by -2 + (8 - 3) - -12.
14
Let y = 457 - 424. What is the remainder when 8018 is divided by y?
32
Suppose -445 = -12*c - 157. Calculate the remainder when 279 is divided by c.
15
Suppose 4*f = -5*r + 50, 3*f = -45*r + 49*r + 22. Calculate the remainder when 1472 is divided by f.
2
Suppose 0 = 88775*o - 88784*o + 423. Calculate the remainder when 356 is divided by o.
27
Calculate the remainder when 66 is divided by 20/5 - (-10)/(-110)*11.
0
Suppose -46*h + 984 + 948 = 0. What is the remainder when 399 + ((-10)/6 - h/(-63)) is divided by 80?
78
Let j be (16/(12/3))/(4/16). What is the remainder when j/9 + -2 - (-11862)/162 is divided by 26?
21
Suppose 4*b - b = 39. Let p = b - 66. Let m = -43 - p. Calculate the remainder when 49 is divided by m.
9
Let w be (0 - 1/2)*-98. Suppose -44*a = -w*a + 275. Let i = a + -22. What is the remainder when i is divided by 9?
6
Suppose 0 = 55*q - 59*q + 20. Suppose b - 95 - 194 = 3*n, -b + 321 = q*n. Calculate the remainder when b is divided by 16.
13
Suppose 40*u + 250 = 44*u - 5*m, -u + 4*m = -79. Calculate the remainder when 786 is divided by u.
16
Suppose -2*w = -0*w - 136. Suppose -5*f - 7*k = -1341, 1975 - 1698 = f - 3*k. Calculate the remainder when f is divided by w.
67
Suppose 5*b + 17*b = 30*b - 16152. What is the remainder when b is divided by 44?
39
Suppose 140 = -0*v + 2*v. Suppose r - 82 = v. What is the remainder when r is divided by ((-1)/(-2)*-17)/((-16)/32)?
16
Let d = 41 + -20. Let w(t) = 15*t - 12. Let u be w(0). What is the remainder when ((-1)/(8/(-52)))/((-2)/u) is divided by d?
18
Let d = 6841 - 6759. Calculate the rem